culate the remainder when ((-11)/w)/(2/(-4)) is divided by 6.
5
Calculate the remainder when ((-7)/(-2))/((-2)/(-20)) is divided by (-4 - 38/(-8))/((-4)/(-96)).
17
Let i(h) = -h**2 - 12*h - 3. Let l be i(-6). Let u = l - 10. What is the remainder when u is divided by ((-24)/10)/(2/(-10))?
11
Suppose z + 916 = 5*z + 5*i, 4*z = 2*i + 944. What is the remainder when z is divided by 59?
57
Suppose 4*o - 7*o + 60 = 0. What is the remainder when o is divided by 11?
9
Suppose 0 = 2*q - 7*q. Suppose 120 = -q*b + 5*b. What is the remainder when b is divided by 13?
11
Let z = -29 - -76. Calculate the remainder when z is divided by 13.
8
Let r = 12 + 2. Calculate the remainder when 50 is divided by r.
8
Let t(j) = j**3 - 2*j**2 - 4*j. Let x be 0 - ((1 - 1) + 0). Suppose x = -2*q - 0*q + 8. What is the remainder when t(q) is divided by 9?
7
Let c(t) = 6*t**2 - 5*t - 4. Let r be c(5). Let l = 233 - r. Suppose 4*y - l = -0*y. Calculate the remainder when y is divided by 15.
13
Suppose 2*m + 3*w = 38, 2*m + 0*m - 40 = -2*w. Calculate the remainder when 107 is divided by m.
19
Calculate the remainder when 8 is divided by 0/15 + (4 - 1).
2
Let s(l) = l**3 + 15*l**2 + 13*l + 1. Calculate the remainder when 88 is divided by s(-14).
13
Let z(o) = o**2 - 7. Suppose 16 = 7*b - 3*b. Suppose 2*r = -6 - b. Calculate the remainder when 33 is divided by z(r).
15
Let z(j) = -3*j - 4. Suppose 0 = -5*u + 3*d + 61, 2*u - 38 = -d - 7. Let t = 8 - u. What is the remainder when z(t) is divided by 5?
4
Suppose -3*k + 17 = -85. Let d = k + -6. Suppose 7 + 23 = 3*h. Calculate the remainder when d is divided by h.
8
Let z = -30 + 51. What is the remainder when 81 is divided by z?
18
Let c(l) = 3*l**2 - 7*l + 6. Let o be c(4). Suppose -11 = -2*k - 3*i + 13, -2*k + o = 2*i. Calculate the remainder when (5/3)/(1/k) is divided by 13.
12
Suppose -5*t = t - 114. What is the remainder when 75 is divided by t?
18
Suppose -k = -104 + 25. Calculate the remainder when k is divided by 21.
16
Let f(w) = -w**3 + 8*w**2 + 6. Calculate the remainder when f(8) is divided by 5.
1
Let s(g) = 41*g + 23. What is the remainder when s(6) is divided by 34?
31
Let f be 2/((-3 + 1)/(-2)). Suppose 0*r + 3*w - 21 = -f*r, 2*w + 2 = 0. What is the remainder when r is divided by 5?
2
Let r(i) be the second derivative of -i**4/12 + 15*i**2/2 + 4*i. What is the remainder when 28 is divided by r(0)?
13
Suppose h + 147 = 4*x, -3*h = x - 7*h - 33. What is the remainder when x is divided by 20?
17
Suppose -4*w + 2*w + 123 = -5*t, 0 = -3*t - 5*w - 49. Let d = 33 + t. What is the remainder when 19 is divided by d?
9
Let m(v) = -v + 16. Let f be (-1)/(1/(-3 - -6)). Let c(b) = 5*b**2 - 2*b - 4. What is the remainder when c(f) is divided by m(0)?
15
Let r(w) = -3*w + 10. Let t(c) = -4*c + 10. Let g(i) = -5*r(i) + 4*t(i). What is the remainder when 17 is divided by g(-16)?
5
Let n(d) be the first derivative of d**2/2 + 69*d + 5. What is the remainder when n(0) is divided by 18?
15
Suppose 0 = -5*k - k + 180. Calculate the remainder when k is divided by 16.
14
Suppose -2*x + 4*x - 15 = -z, 4*z + 20 = 0. Let c(g) = -g**2 + 7*g + 10. Let u be c(x). What is the remainder when 29 is divided by (u/(-7))/(4/14)?
9
Let x = 5 - 2. Let j(h) = -h**2 - 4*h + 4. Let c be j(x). Let b = c + 32. Calculate the remainder when 28 is divided by b.
13
Let v = -3 + 4. Let w be v*((4 - 2) + -2). Let i = 20 + w. What is the remainder when i is divided by 7?
6
Let k(f) = 2*f - 7. Let c be k(5). Suppose 0 = -c*i - i + 24. Calculate the remainder when i is divided by 4.
2
Let z = 83 + -57. Calculate the remainder when z is divided by 14.
12
Let z be 9 - 1*(-2 + 1). Let m = z - 5. What is the remainder when m is divided by ((-6)/15)/((-2)/10)?
1
Suppose 7*s = 10*s + 9. Let z(a) = 3*a**2 + 2*a + 2. Calculate the remainder when z(s) is divided by 6.
5
Suppose 1 = 2*g + k, 0*g + 4*g = 5*k + 23. Suppose 0 = g*w - 15 - 5. Let f = -6 + 9. Calculate the remainder when w is divided by f.
1
Let q(f) = -2*f**3 - f**2 + f - 4. Let b be q(-3). Suppose -3*a = -5*h - 0*h - b, 2*a + 3*h - 19 = 0. What is the remainder when 31 - (0/1 - 1) is divided by a?
10
Let k(m) = -m**2 + 8*m - 4. What is the remainder when k(4) is divided by 7?
5
Suppose 0 = -4*r - 14 + 2. Let m(c) = 1 + 69*c - 5 - 77*c. Calculate the remainder when 39 is divided by m(r).
19
Let g = 65 + 33. What is the remainder when g is divided by 20?
18
Let x be 7/((-28)/(-8)) + -7. Let d(q) = q + 7. What is the remainder when 6 is divided by d(x)?
0
Let m(r) = r**3 + 2*r. Suppose 0 = 2*b - 4, -5*f = -7*b + 2*b - 35. What is the remainder when m(3) is divided by f?
6
Let m be (-16)/(-20) + 16/5. Calculate the remainder when 116/8*m - 0 is divided by 20.
18
Let z(o) = o**3 - 6*o**2 + 5. Let h be z(6). Suppose 0 = m - 5 - h. Suppose m = 4*g - 6. Calculate the remainder when g is divided by 2.
0
Suppose 0 = -2*l + 12 - 2. Calculate the remainder when l is divided by (-2 + (-6)/(-4))*18/(-3).
2
Calculate the remainder when (12/(-16)*-2)/((-3)/(-124)) is divided by 11.
7
Suppose -70 = -5*p + 95. What is the remainder when p is divided by -27*(2/(-6) + 0)?
6
Let n = 167 - 11. Suppose -3*s = -7*s + n. What is the remainder when s is divided by 20?
19
Let q = -6 - -10. Let b(v) = v**3 - v**2 - 5*v + 3. What is the remainder when b(3) is divided by q?
2
Let w be 16 - (0 + (2 - 1)). Suppose v = 18 + w. Let h = -62 + 80. Calculate the remainder when v is divided by h.
15
Let h = 4 - 1. Suppose -151 = -4*d + 2*j + j, h*d - j - 107 = 0. What is the remainder when d is divided by 18?
16
Let c(s) = -s**3 + 6*s**2 + 6*s. Suppose y - 17 = 2*f, -4*y - 2*f + 48 = -6*f. What is the remainder when c(6) is divided by 3*y + -1 - 1?
17
Let p(w) = w + 8. Suppose 797 - 137 = 12*k. What is the remainder when k is divided by p(6)?
13
Suppose f = -2*y + 39, 0*y = 5*y - 4*f - 117. Calculate the remainder when 102 is divided by y.
18
Suppose 0 = -p - 4 + 2. Let d = 8 + p. What is the remainder when 16 is divided by d?
4
Let c(z) = 4*z**2 - 10*z + 16 - 2*z**2 - 3*z**2. Let m be c(-11). Let l(r) = -r + 7. Calculate the remainder when 6 is divided by l(m).
0
Calculate the remainder when (-14)/(-4)*7*12/98 is divided by 3.
0
Let u(k) = -k**3 + 7*k**2 + 8*k + 1. Let n be u(7). Suppose -n = -3*a - 0*a. What is the remainder when a is divided by 10?
9
Let o = -253 + 406. What is the remainder when o is divided by 26?
23
Suppose -6 = f + 3*q, 6*f + 3*q - 12 = 2*f. Calculate the remainder when 33 is divided by f.
3
Let v(p) = p**3 + p**2 + p + 12. Let d be v(0). Suppose 0 = w - 2*w + c + 18, -w = -4*c - d. Calculate the remainder when 58 is divided by w.
18
What is the remainder when 16 - (-1 + (0 - 3)) is divided by 6?
2
Calculate the remainder when 34 is divided by 24*(1 - 4/16).
16
What is the remainder when 26 is divided by 1*(-2 - -17) + -1?
12
Suppose -3*q = -4*q + 10. Suppose 0 = -0*m + 3*m - 2*g - q, -14 = -4*m + 2*g. What is the remainder when 7 is divided by m?
3
Suppose 111 = 2*h - 5*p, -7*h - 5*p + 260 = -2*h. Calculate the remainder when h is divided by 6.
5
Suppose v = g + 19, 53 = 2*v - 0*g + g. Calculate the remainder when 94 is divided by v.
22
Let d(z) = 2*z**2 - 3*z - 19. Calculate the remainder when 62 is divided by d(5).
14
Let h(i) = -4 + 5 + i - 3*i**2 + 7*i**2. Calculate the remainder when 29 is divided by h(-2).
14
Let x be 2 + (1 - 17/(-1)). Suppose 4*t = -t + x. Let a = -23 - -34. Calculate the remainder when a is divided by t.
3
Let c = -1 + 20. Suppose 3*t = 27 + 3. Calculate the remainder when c is divided by t.
9
Suppose 0 = -5*x + x + 8. Suppose 0 = -h + 3*h - x. Let k = h + 12. Calculate the remainder when 24 is divided by k.
11
Let n(t) = t**2 - t + 1. Suppose 4*i + j - 15 = 0, i + 3*i - 30 = 2*j. Calculate the remainder when n(i) is divided by 11.
10
Let i(f) = f + 12. Let u(y) = 3*y + 37. Let l(q) = 7*i(q) - 2*u(q). Let g be l(-6). Suppose -g*b = -6 - 2. What is the remainder when 7 is divided by b?
1
Let t = -39 - -52. What is the remainder when t is divided by 3?
1
Let h = 16 + -8. What is the remainder when 3 + ((-108)/8)/((-2)/4) is divided by h?
6
Let w(q) = 20*q**2 + 2*q + 1. Let u be 78/18 + 2/3. Suppose -u*t + 10*t = -5. Calculate the remainder when 56 is divided by w(t).
18
Let r = -43 + 47. Let 